{"id":264,"date":"2020-03-17T14:08:42","date_gmt":"2020-03-17T14:08:42","guid":{"rendered":"https:\/\/wirtschaft-purgstall.at\/?page_id=264"},"modified":"2020-04-30T05:49:52","modified_gmt":"2020-04-30T05:49:52","slug":"informationen-fuer-betriebe","status":"publish","type":"page","link":"https:\/\/wirtschaft-purgstall.at\/?page_id=264","title":{"rendered":"Informationen f\u00fcr Betriebe"},"content":{"rendered":"\n<p>Alle Infos auf einem Blick:<\/p>\n\n\n\n<p><a href=\"https:\/\/www.bmf.gv.at\/public\/top-themen\/corona-hilfspaket-faq.html\" target=\"_blank\" rel=\"noreferrer noopener\">https:\/\/www.bmf.gv.at\/public\/top-themen\/corona-hilfspaket-faq.html<\/a><\/p>\n\n\n\n<p><\/p>\n\n\n\n<p> Hier die aktuellen News von Ihrer Wirtschaftskammer Nieder\u00f6sterreich! <\/p>\n\n\n\n<figure class=\"wp-block-table\"><table><tbody><tr><td> <strong>Inhaltsverzeichnis<\/strong>               <\/td><\/tr><tr><td> Stand 29.04.2020 | 18:00<\/td><\/tr><tr><td><br><strong>Aktuelle L\u00e4nderinformationen der WK\u00d6<\/strong><br>\u00a0<br>Alle aktuellen Meldungen zu Beschr\u00e4nkungen, Grenzschlie\u00dfungen in unsere Nachbarl\u00e4nder sowie Informationen f\u00fcr Exporteure finden Sie <a href=\"https:\/\/newsletter.wko.at\/sys\/r.aspx?sub=nvhtS_3WGoDB&amp;tid=0-eMBeh-1R8pEg&amp;link=asUe\">hier<\/a>.<br>\u00a0\u00a0\u00a0<br><strong>Corona-Infopoint der WK\u00d6<\/strong><br>\u00a0<br><a href=\"https:\/\/newsletter.wko.at\/sys\/r.aspx?sub=nvhtS_3WGoDB&amp;tid=0-eMBeh-1R8pEg&amp;link=aoGf\">https:\/\/wko.at\/corona<\/a><br>\u00a0\u00a0<br>\u00a0<strong>\u00dcbersicht \u00fcber alle Corona-Newsletter der WKN\u00d6<\/strong><br>\u00a0<br>Bitte beachten: Die Inhalte dieser <a href=\"https:\/\/newsletter.wko.at\/sys\/r.aspx?sub=nvhtS_3WGoDB&amp;tid=0-eMBeh-1R8pEg&amp;link=aoGg\">Newsletter-Sammlung<\/a> basieren auf dem jeweiligen Stand des Versandes.<br>\u00a0<br>\u00a0\u00a0<br><strong>\u00dcbersicht \u00fcber alle Informationsstellen f\u00fcr Nieder\u00f6sterreichs Unternehmen<\/strong><br>\u00a0<br><a href=\"https:\/\/newsletter.wko.at\/sys\/r.aspx?sub=nvhtS_3WGoDB&amp;tid=0-eMBeh-1R8pEg&amp;link=aoGh\">zur \u00dcbersicht<\/a><br>\u00a0\u00a0                             <\/td><\/tr><\/tbody><\/table><\/figure>\n\n\n\n<figure class=\"wp-block-table\"><table><tbody><tr><td><strong>Download: Best\u00e4tigung des Arbeitgebers f\u00fcr Arbeitskr\u00e4fte   kritischer Infrastruktur bzw. in der Daseinsvorsorge <\/strong>   <\/td><\/tr><tr><td>\n  &nbsp;\n  <\/td><\/tr><tr><td> Nach dieser <a aria-label=\" (\u00f6ffnet in neuem Tab)\" href=\"https:\/\/newsletter.wko.at\/sys\/r.aspx?sub=mqATt_QHVRt&amp;tid=0-26ZWMX-1UGFBm&amp;link=9Xdo\" target=\"_blank\" rel=\"noreferrer noopener\">Verordnung<\/a>   ist das Betreten des \u00f6ffentlichen Raumes weitgehend verboten. Ausgenommen   davon sind unter anderem berufliche Zwecke sofern sichergestellt ist, dass am   Ort der beruflichen T\u00e4tigkeit zwischen Personen ein Abstand von mindestens   einem Meter eingehalten wird.<br>   <br> Die Begr\u00fcndung f\u00fcr die Ausnahmen ist den Kotrollorganen glaubhaft zu machen,   das angef\u00fcgte von Ihnen selbst <a aria-label=\" (\u00f6ffnet in neuem Tab)\" href=\"https:\/\/newsletter.wko.at\/sys\/r.aspx?sub=mqATt_QHVRt&amp;tid=0-26ZWMX-1UGFBm&amp;link=9Xdq\" target=\"_blank\" rel=\"noreferrer noopener\">ausgef\u00fcllte   Formular<\/a> kann dazu eine Hilfestellung sein.    <\/td><\/tr><\/tbody><\/table><\/figure>\n\n\n\n<figure class=\"wp-block-table\"><table><tbody><tr><td>\n  <strong>Online-Formular des Finanzministeriums f\u00fcr steuerliche\n  Erleichterungen <\/strong>\n  <\/td><\/tr><tr><td>\n  &nbsp;\n  <\/td><\/tr><tr><td>   Das Finanzministerium bietet als Ma\u00dfnahme   f\u00fcr die vom Coronavirus betroffenen Unternehmen ein <a aria-label=\" (\u00f6ffnet in neuem Tab)\" href=\"https:\/\/newsletter.wko.at\/sys\/r.aspx?sub=mqATt_QHVRt&amp;tid=0-26ZWMX-1UGFBm&amp;link=9Xdu\" target=\"_blank\" rel=\"noreferrer noopener\">kombiniertes   Formular<\/a> an, mit dem alle steuerlichen Erleichterungen auf einmal zu   beantragen sind. Damit soll die Liquidit\u00e4t der Unternehmen gesichert werden.   Beantragt werden k\u00f6nnen die Herabsetzung der Vorauszahlungen f\u00fcr die   Einkommen- oder K\u00f6rperschaftsteuervorauszahlungen bis auf null, der Entfall   von Anspruchszinsen f\u00fcr Nachforderung aus Steuerbescheiden, sp\u00e4tere Zahlungen   bzw. Ratenzahlungen, der Verzicht oder die Senkung von S\u00e4umniszuschl\u00e4gen.<br>   <br>   Das Formular kann dann an <a aria-label=\" (\u00f6ffnet in neuem Tab)\" href=\"https:\/\/newsletter.wko.at\/sys\/r.aspx?sub=mqATt_QHVRt&amp;tid=0-26ZWMX-1UGFBm&amp;link=9Xdx\" target=\"_blank\" rel=\"noreferrer noopener\">corona@bmf.gv.at<\/a>   geschickt oder \u00fcber FinanzOnline hochgeladen werden.<br>   <br>   F\u00fcr Fragen zu diesen Themen steht die Nummer <strong>050 233 233<\/strong> oder <a aria-label=\" (\u00f6ffnet in neuem Tab)\" href=\"https:\/\/newsletter.wko.at\/sys\/r.aspx?sub=mqATt_QHVRt&amp;tid=0-26ZWMX-1UGFBm&amp;link=9XdB\" target=\"_blank\" rel=\"noreferrer noopener\">bmf.gv.at\/corona<\/a>   zur Verf\u00fcgung.    <\/td><\/tr><\/tbody><\/table><\/figure>\n\n\n\n<figure class=\"wp-block-table\"><table><tbody><tr><td><strong>Corona-Erkrankung im eigenen Betrieb \u2013 Was tun? <\/strong>                                           &nbsp;                                           Wir haben bei der AGES Infoline nachgefragt: Haben Sie oder einer Ihrer         MitarbeiterInnen Symptome, die auf eine Corona-Erkrankung hinweisen, gilt laut AGES das gleiche Prinzip wie bei Privatpersonen: Zuhause bleiben und die Telefonnummer 1450 anrufen.<br><a aria-label=\" (\u00f6ffnet in neuem Tab)\" href=\"https:\/\/newsletter.wko.at\/sys\/r.aspx?sub=mqATt_QHVRt&amp;tid=0-26ZWMX-1UGFBm&amp;link=9XdE\" target=\"_blank\" rel=\"noreferrer noopener\">www.ages.at<\/a>                                                                          <\/td><\/tr><\/tbody><\/table><\/figure>\n\n\n\n<figure class=\"wp-block-table\"><table><tbody><tr><td><strong>\u00dcbersicht \u00fcber alle Informationsstellen f\u00fcr Nieder\u00f6sterreichs Unternehmen <\/strong>                                           <a aria-label=\" (\u00f6ffnet in neuem Tab)\" href=\"https:\/\/newsletter.wko.at\/sys\/r.aspx?sub=mqATt_QHVRt&amp;tid=0-26ZWMX-1UGFBm&amp;link=9XdF\" target=\"_blank\" rel=\"noreferrer noopener\">zur \u00dcbersicht<\/a>                                                                  <\/td><\/tr><\/tbody><\/table><\/figure>\n\n\n\n<p>Hier sind alle Infos, das Antragsformular, die Pauschalsatztabellen und Beispiele zur neuen COVID-19-Kurzarbeit. M\u00f6ge Sie m\u00f6glichst viele Arbeitspl\u00e4tze und Unternehmen retten. <\/p>\n\n\n\n<p><a href=\"https:\/\/t.co\/Kwt8wJnWp4\" target=\"_blank\" rel=\"noreferrer noopener\">https:\/\/www.ams.at\/unternehmen\/personalsicherung-und-fruehwarnsystem\/kurzarbeit&nbsp;\u2026<\/a><a href=\"https:\/\/t.co\/Kwt8wJnWp4\"> <\/a><\/p>\n\n\n\n<p>Quelle: AMS.at<a href=\"https:\/\/t.co\/Kwt8wJnWp4\">                   <\/a><\/p>\n\n\n\n<p><\/p>\n","protected":false},"excerpt":{"rendered":"<p>Alle Infos auf einem Blick: https:\/\/www.bmf.gv.at\/public\/top-themen\/corona-hilfspaket-faq.html Hier die aktuellen News von Ihrer Wirtschaftskammer Nieder\u00f6sterreich! Inhaltsverzeichnis Stand 29.04.2020 | 18:00 Aktuelle L\u00e4nderinformationen der WK\u00d6\u00a0Alle aktuellen Meldungen zu Beschr\u00e4nkungen, Grenzschlie\u00dfungen in unsere Nachbarl\u00e4nder sowie Informationen f\u00fcr Exporteure finden Sie hier.\u00a0\u00a0\u00a0Corona-Infopoint der WK\u00d6\u00a0https:\/\/wko.at\/corona\u00a0\u00a0\u00a0\u00dcbersicht \u00fcber alle Corona-Newsletter der WKN\u00d6\u00a0Bitte beachten: Die Inhalte dieser Newsletter-Sammlung basieren auf dem jeweiligen Stand [&hellip;]<\/p>\n","protected":false},"author":1,"featured_media":0,"parent":0,"menu_order":0,"comment_status":"closed","ping_status":"closed","template":"","meta":{"footnotes":""},"class_list":["post-264","page","type-page","status-publish","hentry"],"yoast_head":"<!-- This site is optimized with the Yoast SEO plugin v27.3 - https:\/\/yoast.com\/product\/yoast-seo-wordpress\/ -->\n<title>Informationen f\u00fcr Betriebe - Wirtschaft Purgstall<\/title>\n<meta name=\"robots\" content=\"index, follow, max-snippet:-1, max-image-preview:large, max-video-preview:-1\" \/>\n<link rel=\"canonical\" href=\"https:\/\/wirtschaft-purgstall.at\/?page_id=264\" \/>\n<meta property=\"og:locale\" content=\"de_DE\" \/>\n<meta property=\"og:type\" content=\"article\" \/>\n<meta property=\"og:title\" content=\"Informationen f\u00fcr Betriebe - Wirtschaft Purgstall\" \/>\n<meta property=\"og:description\" content=\"Alle Infos auf einem Blick: https:\/\/www.bmf.gv.at\/public\/top-themen\/corona-hilfspaket-faq.html Hier die aktuellen News von Ihrer Wirtschaftskammer Nieder\u00f6sterreich! Inhaltsverzeichnis Stand 29.04.2020 | 18:00 Aktuelle L\u00e4nderinformationen der WK\u00d6\u00a0Alle aktuellen Meldungen zu Beschr\u00e4nkungen, Grenzschlie\u00dfungen in unsere Nachbarl\u00e4nder sowie Informationen f\u00fcr Exporteure finden Sie hier.\u00a0\u00a0\u00a0Corona-Infopoint der WK\u00d6\u00a0https:\/\/wko.at\/corona\u00a0\u00a0\u00a0\u00dcbersicht \u00fcber alle Corona-Newsletter der WKN\u00d6\u00a0Bitte beachten: Die Inhalte dieser Newsletter-Sammlung basieren auf dem jeweiligen Stand [&hellip;]\" \/>\n<meta property=\"og:url\" content=\"https:\/\/wirtschaft-purgstall.at\/?page_id=264\" \/>\n<meta property=\"og:site_name\" content=\"Wirtschaft Purgstall\" \/>\n<meta property=\"article:modified_time\" content=\"2020-04-30T05:49:52+00:00\" \/>\n<meta name=\"twitter:card\" content=\"summary_large_image\" \/>\n<meta name=\"twitter:label1\" content=\"Gesch\u00e4tzte Lesezeit\" \/>\n\t<meta name=\"twitter:data1\" content=\"2\u00a0Minuten\" \/>\n<script type=\"application\/ld+json\" class=\"yoast-schema-graph\">{\"@context\":\"https:\\\/\\\/schema.org\",\"@graph\":[{\"@type\":\"WebPage\",\"@id\":\"https:\\\/\\\/wirtschaft-purgstall.at\\\/?page_id=264\",\"url\":\"https:\\\/\\\/wirtschaft-purgstall.at\\\/?page_id=264\",\"name\":\"Informationen f\u00fcr Betriebe - Wirtschaft Purgstall\",\"isPartOf\":{\"@id\":\"https:\\\/\\\/wirtschaft-purgstall.at\\\/#website\"},\"datePublished\":\"2020-03-17T14:08:42+00:00\",\"dateModified\":\"2020-04-30T05:49:52+00:00\",\"breadcrumb\":{\"@id\":\"https:\\\/\\\/wirtschaft-purgstall.at\\\/?page_id=264#breadcrumb\"},\"inLanguage\":\"de\",\"potentialAction\":[{\"@type\":\"ReadAction\",\"target\":[\"https:\\\/\\\/wirtschaft-purgstall.at\\\/?page_id=264\"]}]},{\"@type\":\"BreadcrumbList\",\"@id\":\"https:\\\/\\\/wirtschaft-purgstall.at\\\/?page_id=264#breadcrumb\",\"itemListElement\":[{\"@type\":\"ListItem\",\"position\":1,\"name\":\"Home\",\"item\":\"https:\\\/\\\/wirtschaft-purgstall.at\\\/\"},{\"@type\":\"ListItem\",\"position\":2,\"name\":\"Informationen f\u00fcr Betriebe\"}]},{\"@type\":\"WebSite\",\"@id\":\"https:\\\/\\\/wirtschaft-purgstall.at\\\/#website\",\"url\":\"https:\\\/\\\/wirtschaft-purgstall.at\\\/\",\"name\":\"Wirtschaft Purgstall\",\"description\":\"Information der Purgstaller Wirtschaft\",\"publisher\":{\"@id\":\"https:\\\/\\\/wirtschaft-purgstall.at\\\/#organization\"},\"potentialAction\":[{\"@type\":\"SearchAction\",\"target\":{\"@type\":\"EntryPoint\",\"urlTemplate\":\"https:\\\/\\\/wirtschaft-purgstall.at\\\/?s={search_term_string}\"},\"query-input\":{\"@type\":\"PropertyValueSpecification\",\"valueRequired\":true,\"valueName\":\"search_term_string\"}}],\"inLanguage\":\"de\"},{\"@type\":\"Organization\",\"@id\":\"https:\\\/\\\/wirtschaft-purgstall.at\\\/#organization\",\"name\":\"Wirtschaft Purgstall\",\"url\":\"https:\\\/\\\/wirtschaft-purgstall.at\\\/\",\"logo\":{\"@type\":\"ImageObject\",\"inLanguage\":\"de\",\"@id\":\"https:\\\/\\\/wirtschaft-purgstall.at\\\/#\\\/schema\\\/logo\\\/image\\\/\",\"url\":\"https:\\\/\\\/wirtschaft-purgstall.at\\\/wp-content\\\/uploads\\\/2020\\\/03\\\/WB_logo_purgstall-scaled.jpg\",\"contentUrl\":\"https:\\\/\\\/wirtschaft-purgstall.at\\\/wp-content\\\/uploads\\\/2020\\\/03\\\/WB_logo_purgstall-scaled.jpg\",\"width\":2560,\"height\":1783,\"caption\":\"Wirtschaft Purgstall\"},\"image\":{\"@id\":\"https:\\\/\\\/wirtschaft-purgstall.at\\\/#\\\/schema\\\/logo\\\/image\\\/\"}}]}<\/script>\n<!-- \/ Yoast SEO plugin. -->","yoast_head_json":{"title":"Informationen f\u00fcr Betriebe - Wirtschaft Purgstall","robots":{"index":"index","follow":"follow","max-snippet":"max-snippet:-1","max-image-preview":"max-image-preview:large","max-video-preview":"max-video-preview:-1"},"canonical":"https:\/\/wirtschaft-purgstall.at\/?page_id=264","og_locale":"de_DE","og_type":"article","og_title":"Informationen f\u00fcr Betriebe - Wirtschaft Purgstall","og_description":"Alle Infos auf einem Blick: https:\/\/www.bmf.gv.at\/public\/top-themen\/corona-hilfspaket-faq.html Hier die aktuellen News von Ihrer Wirtschaftskammer Nieder\u00f6sterreich! Inhaltsverzeichnis Stand 29.04.2020 | 18:00 Aktuelle L\u00e4nderinformationen der WK\u00d6\u00a0Alle aktuellen Meldungen zu Beschr\u00e4nkungen, Grenzschlie\u00dfungen in unsere Nachbarl\u00e4nder sowie Informationen f\u00fcr Exporteure finden Sie hier.\u00a0\u00a0\u00a0Corona-Infopoint der WK\u00d6\u00a0https:\/\/wko.at\/corona\u00a0\u00a0\u00a0\u00dcbersicht \u00fcber alle Corona-Newsletter der WKN\u00d6\u00a0Bitte beachten: Die Inhalte dieser Newsletter-Sammlung basieren auf dem jeweiligen Stand [&hellip;]","og_url":"https:\/\/wirtschaft-purgstall.at\/?page_id=264","og_site_name":"Wirtschaft Purgstall","article_modified_time":"2020-04-30T05:49:52+00:00","twitter_card":"summary_large_image","twitter_misc":{"Gesch\u00e4tzte Lesezeit":"2\u00a0Minuten"},"schema":{"@context":"https:\/\/schema.org","@graph":[{"@type":"WebPage","@id":"https:\/\/wirtschaft-purgstall.at\/?page_id=264","url":"https:\/\/wirtschaft-purgstall.at\/?page_id=264","name":"Informationen f\u00fcr Betriebe - Wirtschaft Purgstall","isPartOf":{"@id":"https:\/\/wirtschaft-purgstall.at\/#website"},"datePublished":"2020-03-17T14:08:42+00:00","dateModified":"2020-04-30T05:49:52+00:00","breadcrumb":{"@id":"https:\/\/wirtschaft-purgstall.at\/?page_id=264#breadcrumb"},"inLanguage":"de","potentialAction":[{"@type":"ReadAction","target":["https:\/\/wirtschaft-purgstall.at\/?page_id=264"]}]},{"@type":"BreadcrumbList","@id":"https:\/\/wirtschaft-purgstall.at\/?page_id=264#breadcrumb","itemListElement":[{"@type":"ListItem","position":1,"name":"Home","item":"https:\/\/wirtschaft-purgstall.at\/"},{"@type":"ListItem","position":2,"name":"Informationen f\u00fcr Betriebe"}]},{"@type":"WebSite","@id":"https:\/\/wirtschaft-purgstall.at\/#website","url":"https:\/\/wirtschaft-purgstall.at\/","name":"Wirtschaft Purgstall","description":"Information der Purgstaller Wirtschaft","publisher":{"@id":"https:\/\/wirtschaft-purgstall.at\/#organization"},"potentialAction":[{"@type":"SearchAction","target":{"@type":"EntryPoint","urlTemplate":"https:\/\/wirtschaft-purgstall.at\/?s={search_term_string}"},"query-input":{"@type":"PropertyValueSpecification","valueRequired":true,"valueName":"search_term_string"}}],"inLanguage":"de"},{"@type":"Organization","@id":"https:\/\/wirtschaft-purgstall.at\/#organization","name":"Wirtschaft Purgstall","url":"https:\/\/wirtschaft-purgstall.at\/","logo":{"@type":"ImageObject","inLanguage":"de","@id":"https:\/\/wirtschaft-purgstall.at\/#\/schema\/logo\/image\/","url":"https:\/\/wirtschaft-purgstall.at\/wp-content\/uploads\/2020\/03\/WB_logo_purgstall-scaled.jpg","contentUrl":"https:\/\/wirtschaft-purgstall.at\/wp-content\/uploads\/2020\/03\/WB_logo_purgstall-scaled.jpg","width":2560,"height":1783,"caption":"Wirtschaft Purgstall"},"image":{"@id":"https:\/\/wirtschaft-purgstall.at\/#\/schema\/logo\/image\/"}}]}},"jetpack_sharing_enabled":true,"_links":{"self":[{"href":"https:\/\/wirtschaft-purgstall.at\/index.php?rest_route=\/wp\/v2\/pages\/264","targetHints":{"allow":["GET"]}}],"collection":[{"href":"https:\/\/wirtschaft-purgstall.at\/index.php?rest_route=\/wp\/v2\/pages"}],"about":[{"href":"https:\/\/wirtschaft-purgstall.at\/index.php?rest_route=\/wp\/v2\/types\/page"}],"author":[{"embeddable":true,"href":"https:\/\/wirtschaft-purgstall.at\/index.php?rest_route=\/wp\/v2\/users\/1"}],"replies":[{"embeddable":true,"href":"https:\/\/wirtschaft-purgstall.at\/index.php?rest_route=%2Fwp%2Fv2%2Fcomments&post=264"}],"version-history":[{"count":9,"href":"https:\/\/wirtschaft-purgstall.at\/index.php?rest_route=\/wp\/v2\/pages\/264\/revisions"}],"predecessor-version":[{"id":617,"href":"https:\/\/wirtschaft-purgstall.at\/index.php?rest_route=\/wp\/v2\/pages\/264\/revisions\/617"}],"wp:attachment":[{"href":"https:\/\/wirtschaft-purgstall.at\/index.php?rest_route=%2Fwp%2Fv2%2Fmedia&parent=264"}],"curies":[{"name":"wp","href":"https:\/\/api.w.org\/{rel}","templated":true}]}}